(12).
-188
Let d(v) = v**2 + 13*v + 127. Calculate d(-5).
87
Let j(w) = -18*w + 37. Determine j(2).
1
Let m(c) = -47*c + 80. Calculate m(8).
-296
Let f(u) = -u**2 - 32*u + 236. Give f(-36).
92
Let n(l) = -l**2 + 99*l + 187. Give n(101).
-15
Let q(s) = s**3 + 51*s**2 + 231*s + 13. Give q(-46).
-33
Let z(b) = 144*b**3 - b**2 + 3*b - 3. Determine z(1).
143
Let z(i) = -102*i - 5910. Determine z(-58).
6
Let o(v) = v**3 + 17*v**2 - 69*v - 14. What is o(-20)?
166
Let n(t) = -3*t**3 - 139*t**2 - 49*t - 126. Give n(-46).
12
Let k(m) = 2826*m - 8476. What is k(3)?
2
Let h(l) = 15*l - 1794. What is h(119)?
-9
Let z(r) = -6155*r - 36866. Calculate z(-6).
64
Let u(s) = -4*s**2 + 691*s + 169. What is u(173)?
-4
Let j(t) = 3*t**3 + 190*t**2 - 147*t - 1229. Determine j(-64).
-13
Let q(b) = -36*b + 3659. Calculate q(102).
-13
Let f(z) = 11*z + 238. Calculate f(-19).
29
Let h(b) = -50*b**2 + 51*b - 4. What is h(-3)?
-607
Let l(n) = 551*n - 558. Give l(1).
-7
Let z(a) = -29*a + 1142. What is z(56)?
-482
Let s(b) = -b**3 + 38*b**2 + 96*b - 558. Calculate s(40).
82
Let h(q) = -5*q**3 - 22*q - 20. Calculate h(-1).
7
Let x(k) = -4476*k + 9. Calculate x(0).
9
Let n(u) = -384*u + 14984. Give n(39).
8
Let b(g) = 2*g**2 + 76*g + 9. What is b(-38)?
9
Let g(u) = -u**3 + 8*u**2 + 144*u - 77. Calculate g(17).
-230
Let f(m) = 5*m**3 + 13*m**2 + 14*m + 36. Calculate f(-3).
-24
Let f(i) = 2*i**3 + 73*i**2 + 90*i - 114. Determine f(-35).
411
Let k(z) = 10*z - 200. Determine k(18).
-20
Let z(f) = f**3 + 34*f**2 + 124*f + 22. Determine z(-30).
-98
Let l(b) = 535*b + 4773. What is l(-9)?
-42
Let n(u) = -u**2 - 231*u + 19967. Determine n(67).
1
Let g(j) = -j**3 - 55*j**2 - 98*j + 433. Give g(-53).
9
Let a(u) = 97*u + 1216. Give a(-11).
149
Let s(y) = 15*y**2 + 26*y - 59. Determine s(2).
53
Let u(s) = s**2 - 570*s - 68. Determine u(0).
-68
Let u(r) = -13*r**2 - 137*r + 5. Calculate u(-7).
327
Let q(i) = 10*i + 538. What is q(-45)?
88
Let t(m) = -m**3 + 25*m**2 + 112*m + 115. Give t(29).
-1
Let y(f) = 1233*f + 7470. Determine y(-6).
72
Let b(l) = -293*l**3 - l**2 + 6*l - 4. Give b(1).
-292
Let j(m) = -3533*m - 49462. Give j(-14).
0
Let t(j) = -j**2 - 54*j - 272. Give t(-49).
-27
Let w(u) = u**2 - 18*u + 66. Determine w(14).
10
Let w(x) = -309*x + 4952. Calculate w(16).
8
Let q(v) = -985*v - 4928. Calculate q(-5).
-3
Let v(a) = 94*a - 74. Give v(6).
490
Let z(k) = 2*k**2 - 213*k + 2504. Calculate z(93).
-7
Let b(j) = 2*j**2 - 71*j - 99. Calculate b(37).
12
Let i(x) = -78*x - 913. Give i(-12).
23
Let y(g) = -2*g**3 + 53*g**2 - 26*g + 61. Calculate y(26).
61
Let z(q) = -2*q**2 - 58*q + 252. Give z(-34).
-88
Let o(b) = -2*b - 202. Determine o(-58).
-86
Let p(w) = w**3 + 13*w**2 - 90*w - 1003. Give p(-15).
-103
Let m(s) = s**2 + 129*s - 268. Calculate m(-131).
-6
Let t(u) = -u**3 - 133*u**2 - 3663*u + 292. Determine t(-94).
10
Let z(g) = g**3 + 33*g**2 - 188*g + 70. Calculate z(-38).
-6
Let p(k) = -k**2 - 35*k - 34. Calculate p(-34).
0
Let t(z) = -1138*z + 5702. What is t(5)?
12
Let z(h) = -h**2 + 562*h + 26669. Determine z(-44).
5
Let v(u) = -u**3 + 27*u**2 - 147*u - 127. Calculate v(19).
-32
Let o(g) = g**3 + 114*g**2 - 851*g - 478. Calculate o(-121).
6
Let u(a) = -a**3 - 52*a**2 - 54*a - 223. Determine u(-51).
-70
Let q(l) = -119*l - 5710. Calculate q(-48).
2
Let b(w) = -9*w**2 - 153*w - 6. What is b(-13)?
462
Let a(p) = 857*p + 39414. What is a(-46)?
-8
Let d(s) = -122*s + 627. Calculate d(6).
-105
Let d(a) = -a**3 + 6*a**2 + 5*a + 274. What is d(0)?
274
Let v(c) = 178*c - 79. What is v(2)?
277
Let r(h) = -23*h**2 - 64*h + 86. What is r(-4)?
-26
Let i(u) = -831*u + 18279. Calculate i(22).
-3
Let x(j) = j**3 + 17*j**2 + 3*j - 36. Give x(-17).
-87
Let g(o) = 4*o**3 - 3*o**2 + 3*o + 46. Calculate g(0).
46
Let d(q) = 21*q - 259. Give d(7).
-112
Let o(k) = -k**3 - 5*k**2 + 8*k + 6. Calculate o(-6).
-6
Let k(o) = 11*o**2 + 705*o + 25. Determine k(-64).
-39
Let a(z) = 414*z + 3304. Give a(-8).
-8
Let g(r) = -r**3 + 40*r**2 - 171*r - 123. Give g(35).
17
Let w(l) = l**3 + 29*l**2 + 7*l + 65. Determine w(-29).
-138
Let j(y) = -358*y + 2500. Give j(7).
-6
Let p(v) = -6*v**3 - 16*v**2 + 29*v - 2. What is p(3)?
-221
Let k(l) = 86*l - 163. Determine k(2).
9
Let z(u) = -u**2 - 66*u + 268. Calculate z(4).
-12
Let f(b) = -b**3 + 2*b**2 - 35*b + 923. What is f(9)?
41
Let g(a) = -259*a**2 + 266*a + 1. Determine g(1).
8
Let a(x) = -265*x - 2126. Determine a(-8).
-6
Let p(l) = -l**2 - 22711*l + 90860. What is p(4)?
0
Let a(r) = 10*r - 855. Determine a(0).
-855
Let u(z) = -z**2 - 118*z + 4640. Give u(-149).
21
Let b(s) = -s**3 + 5*s**2 + 15*s - 24. Determine b(6).
30
Let t(r) = 2*r**2 + 42*r - 187. Give t(-29).
277
Let v(d) = 2*d**3 + 18*d**2 - 8*d + 4. Give v(-9).
76
Let z(p) = 5*p**2 + 141*p - 27. Calculate z(-28).
-55
Let r(n) = -n**2 + 24*n + 90. What is r(18)?
198
Let z(k) = -k**3 - 12*k**2 - 7*k - 58. Determine z(-13).
202
Let i(g) = 229*g + 39617. Determine i(-173).
0
Let w(k) = 3*k**2 + 37*k + 18. What is w(-10)?
-52
Let n(b) = -267*b - 5932. Determine n(-23).
209
Let d(q) = 18*q**2 - 212*q + 290. Give d(10).
-30
Let x(p) = -p**3 + 10*p**2 - 15*p + 12. Give x(10).
-138
Let j(v) = 8*v**2 + 1320*v - 11078. Give j(-173).
-6
Let s(r) = -2*r**2 - 203*r - 2851. Give s(-85).
-46
Let m(b) = -10*b**2 - 206*b + 20. Give m(-20).
140
Let w(v) = 7*v**2 - 11*v - 13. Determine w(6).
173
Let l(z) = z**3 + 4*z**2 + 4*z - 3. Determine l(-2).
-3
Let m(k) = k**2 - 47*k + 106. Calculate m(25).
-444
Let m(i) = -i**2 - 14*i + 38. Give m(4).
-34
Let j(l) = -41*l**2 - 2*l - 2. What is j(-1)?
-41
Let q(l) = 10*l**2 + 726*l + 1405. Calculate q(-2).
-7
Let a(g) = -g**3 + 107*g**2 - 3*g + 110. Give a(107).
-211
Let u(w) = -2*w**3 + 79*w**2 + 301*w + 9. Calculate u(43).
9
Let f(z) = -20*z - 714. Calculate f(-37).
26
Let r(p) = 6*p**3 + 111*p**2 - 56*p + 19. Calculate r(-19).
0
Let a(k) = 2*k**2 - 213*k + 1209. Give a(6).
3
Let h(n) = -62*n**2 + 930*n + 18. Calculate h(15).
18
Let n(x) = x**3 - 94*x - 65. Determine n(-9).
52
Let d(x) = x**3 + 41*x**2 - 134*x - 63. Determine d(-44).
25
Let v(i) = -2*i**3 + 13*i**2 - 19*i + 166. Calculate v(7).
-16
Let c(b) = 900*b - 3679. Calculate c(4).
-79
Let h(p) = -70*p - 3015. Determine h(-43).
-5
Let g(t) = -62*t - 47. Give g(-3).
139
Let s(j) = 3*j**2 + 44*j + 135. Give s(-9).
-18
Let l(v) = -77*v**2 - 15*v + 2. Give l(2).
-336
Let y(w) = 144*w - 440. Give y(3).
-8
Let v(n) = -2*n**3 - 11*n**2 - 106*n - 671. What is v(-6)?
1
Let b(r) = -3*r**2 - 194*r + 83. Calculate b(-65).
18
Let j(n) = -n**3 + 179*n**2 - 322*n - 5654. Determine j(177).
10
Let x(q) = -1829*q - 10978. Calculate x(-6).
-4
Let r(g) = -g + 88. Give r(20).
68
Let d(j) = 2*j**2 + 47*j + 37. Determine d(-23).
14
Let l(g) = g**3 - 22*g**2 + 15*g + 57. What is l(21)?
-69
Let u(c) = -11*c**2 + 231*c + 230. What is u(-1)?
-12
Let h(u) = -u**3 - 28*u**2 - 26*u - 121. Determine h(-27).
-148
Let x(k) = 149*k**2 - 193*k - 1. What is x(2)?
209
Let q(a) = a**3 - 6*a**2 - 38*a - 52. Calculate q(10).
-32
Let p(o) = -77*o + 783. Give p(10).
13
Let p(b) = b**3 + b + 5. Determine p(-2).
-5
Let y(p) = -167*p - 914. Calculate y(-6).
88
Let m(n) = n**2 + 64*n - 1277. Determine m(16).
3
Let b(u) = -u**2 + 58*u - 905. Calculate b(20).
-145
Let d(y) = 967*y - 84114. Calculate d(87).
15
Let h(x) = x**2 - 80*x + 1382. Give h(25).
7
Let z(a) = -181*a - 1010. Give z(-5).
-105
Let h(d) = 3*d**2 - 76*d + 355. What is h(6)?
7
Let v(s) = 3384*s - 10149. Calculate v(3).
3
Let r(t) = -t**3 + 9*t**2 + 6*t - 2. Calculate r(9).
52
Let a(h) = -44*h + 1386. Calculate a(33).
-66
Let m(z) = 19*z + 517. Give m(-32).
-91
Let g(h) = -6*h**3 + 281*h**2 + 56*h - 371. Give g(47).
52
Let r(t) = 350*t - 1069. What is r(3)?
-19
Let b(l) = l**2 + 299*l + 3442. Give b(-12).
-2
Let x(p) = p**2 + 26*p + 11. Calculate x(-24).
-37
Let a(u) = 95*u + 1327. Determine a(-14).
-3
Let a(r) = -26*r - 109. What is a(-2)?
-57
Let n(a) = a**3 + 14*a**2 + 16*a + 15. Calculate n(-13).
-24
Let w(x) = 5*x**2 - 3*x - 11. What is w(-2)?
15
Let g(w) = 114*w - 10815. Give g(95).
15
Let f(l) = l**3 + 52*l**2 + 425*l - 18. Give f(-42).
-228
Let v(a) = -7*a**2 - 4*a + 7. Calculate v(-3).
-44
Let u(t) = t**3 - 48*t**2 + 217*t + 1471. What is u(42)?
1
Let j(s) = 23*s + 577. Give j(-25).
2
Let a(k